{"id":306,"date":"2022-02-10T13:44:49","date_gmt":"2022-02-10T13:44:49","guid":{"rendered":"http:\/\/freiraum-neustrelitz.de\/?page_id=306"},"modified":"2022-02-10T13:46:08","modified_gmt":"2022-02-10T13:46:08","slug":"bildungswanderung-04-02-2022","status":"publish","type":"page","link":"http:\/\/freiraum-neustrelitz.de\/?page_id=306","title":{"rendered":"Bildungswanderung 04.02.2022"},"content":{"rendered":"\n<p>Datum: 04.02.2022<\/p>\n\n\n\n<p>Treffpunkt: 10:00 Uhr, Waldparkplatz Adamsdorf Richtung Klein Vielen. <\/p>\n\n\n\n<p>Ziel: Megalithgr\u00e4ber bei Freidorf, germanischer Burgwall bei Pieverstorf, H\u00fcgelgr\u00e4ber bei Mollenstoff.<\/p>\n\n\n\n<figure class=\"wp-block-image size-large\"><a href=\"http:\/\/freiraum-neustrelitz.de\/wp-content\/uploads\/2022\/02\/Ausflug.jpg\"><img loading=\"lazy\" width=\"1024\" height=\"768\" src=\"http:\/\/freiraum-neustrelitz.de\/wp-content\/uploads\/2022\/02\/Ausflug-1024x768.jpg\" alt=\"\" class=\"wp-image-299\" srcset=\"http:\/\/freiraum-neustrelitz.de\/wp-content\/uploads\/2022\/02\/Ausflug-1024x768.jpg 1024w, http:\/\/freiraum-neustrelitz.de\/wp-content\/uploads\/2022\/02\/Ausflug-300x225.jpg 300w, http:\/\/freiraum-neustrelitz.de\/wp-content\/uploads\/2022\/02\/Ausflug-768x576.jpg 768w, http:\/\/freiraum-neustrelitz.de\/wp-content\/uploads\/2022\/02\/Ausflug-816x612.jpg 816w, http:\/\/freiraum-neustrelitz.de\/wp-content\/uploads\/2022\/02\/Ausflug.jpg 1280w\" sizes=\"(max-width: 1024px) 100vw, 1024px\" \/><\/a><\/figure>\n","protected":false},"excerpt":{"rendered":"<p>Datum: 04.02.2022 Treffpunkt: 10:00 Uhr, Waldparkplatz Adamsdorf Richtung Klein Vielen. Ziel: Megalithgr\u00e4ber bei Freidorf, germanischer Burgwall bei Pieverstorf, H\u00fcgelgr\u00e4ber bei Mollenstoff.<\/p>\n","protected":false},"author":1,"featured_media":0,"parent":0,"menu_order":0,"comment_status":"closed","ping_status":"closed","template":"","meta":[],"_links":{"self":[{"href":"http:\/\/freiraum-neustrelitz.de\/index.php?rest_route=\/wp\/v2\/pages\/306"}],"collection":[{"href":"http:\/\/freiraum-neustrelitz.de\/index.php?rest_route=\/wp\/v2\/pages"}],"about":[{"href":"http:\/\/freiraum-neustrelitz.de\/index.php?rest_route=\/wp\/v2\/types\/page"}],"author":[{"embeddable":true,"href":"http:\/\/freiraum-neustrelitz.de\/index.php?rest_route=\/wp\/v2\/users\/1"}],"replies":[{"embeddable":true,"href":"http:\/\/freiraum-neustrelitz.de\/index.php?rest_route=%2Fwp%2Fv2%2Fcomments&post=306"}],"version-history":[{"count":2,"href":"http:\/\/freiraum-neustrelitz.de\/index.php?rest_route=\/wp\/v2\/pages\/306\/revisions"}],"predecessor-version":[{"id":310,"href":"http:\/\/freiraum-neustrelitz.de\/index.php?rest_route=\/wp\/v2\/pages\/306\/revisions\/310"}],"wp:attachment":[{"href":"http:\/\/freiraum-neustrelitz.de\/index.php?rest_route=%2Fwp%2Fv2%2Fmedia&parent=306"}],"curies":[{"name":"wp","href":"https:\/\/api.w.org\/{rel}","templated":true}]}}