{"id":117,"date":"2015-10-29T20:47:55","date_gmt":"2015-10-29T20:47:55","guid":{"rendered":"http:\/\/freiraum-neustrelitz.de\/?page_id=117"},"modified":"2021-08-28T13:43:22","modified_gmt":"2021-08-28T13:43:22","slug":"ehe-und-paarberatung","status":"publish","type":"page","link":"http:\/\/freiraum-neustrelitz.de\/?page_id=117","title":{"rendered":"Familienberatung"},"content":{"rendered":"<h3>Kennen Sie das?<\/h3>\n<div>\n<p>Sie stehen vor einer wichtigen Entscheidung und brauchen Rat.<\/p>\n<p>Sie haben Angst, dass das Leben an Ihnen vorbeizieht.<\/p>\n<p>Sie reiben sich zwischen Job, Kinder und Partnerschaft auf.<\/p>\n<p>Sie f\u00fchlen sich von Gott und den Menschen verlassen.<\/p>\n<p>Sie m\u00f6gen Ihren Partner, sind sich aber unsicher, ob Sie sich binden wollen.<\/p>\n<p>Sie streiten sich h\u00e4ufig mit der Familie und wissen nicht, wie es weitergehen soll.<\/p>\n<p>Sie denken oft, den falschen Partner geheiratet zu haben.<\/p>\n<p>Sie stehen vor der Silberhochzeit und fragen sich, ob es noch etwas zu feiern gibt.<\/p>\n<p>Sie sp\u00fcren, wie sehr Ihre Kinder unter Ihren Eheschwierigkeiten leiden.<\/p>\n<p>Sie \u00fcberlegen, sich von Ihrem Partner zu trennen und suchen eine gute L\u00f6sung f\u00fcr sich und Ihre Kinder.<\/p>\n<p><strong>Wenn Sie sich bei diesen Fragen wieder erkennen, dann nehmen Sie zu uns Kontakt auf.<\/strong><\/p>\n<p><a href=\"http:\/\/freiraum-neustrelitz.de\/wp-content\/uploads\/2015\/10\/Familie.jpg\"><img loading=\"lazy\" class=\"alignnone size-full wp-image-157\" src=\"http:\/\/freiraum-neustrelitz.de\/wp-content\/uploads\/2015\/10\/Familie.jpg\" alt=\"family in spring nature\" width=\"424\" height=\"283\" srcset=\"http:\/\/freiraum-neustrelitz.de\/wp-content\/uploads\/2015\/10\/Familie.jpg 424w, http:\/\/freiraum-neustrelitz.de\/wp-content\/uploads\/2015\/10\/Familie-300x200.jpg 300w\" sizes=\"(max-width: 424px) 100vw, 424px\" \/><\/a><\/p>\n<\/div>\n","protected":false},"excerpt":{"rendered":"<p>Kennen Sie das? Sie stehen vor einer wichtigen Entscheidung und brauchen Rat. Sie haben Angst, dass das Leben an Ihnen vorbeizieht. Sie reiben sich zwischen Job, Kinder und Partnerschaft auf. Sie f\u00fchlen sich von Gott und den Menschen verlassen. Sie m\u00f6gen Ihren Partner, sind sich aber unsicher, ob Sie sich binden wollen. Sie streiten sich [&hellip;]<\/p>\n","protected":false},"author":1,"featured_media":0,"parent":0,"menu_order":0,"comment_status":"open","ping_status":"open","template":"","meta":[],"_links":{"self":[{"href":"http:\/\/freiraum-neustrelitz.de\/index.php?rest_route=\/wp\/v2\/pages\/117"}],"collection":[{"href":"http:\/\/freiraum-neustrelitz.de\/index.php?rest_route=\/wp\/v2\/pages"}],"about":[{"href":"http:\/\/freiraum-neustrelitz.de\/index.php?rest_route=\/wp\/v2\/types\/page"}],"author":[{"embeddable":true,"href":"http:\/\/freiraum-neustrelitz.de\/index.php?rest_route=\/wp\/v2\/users\/1"}],"replies":[{"embeddable":true,"href":"http:\/\/freiraum-neustrelitz.de\/index.php?rest_route=%2Fwp%2Fv2%2Fcomments&post=117"}],"version-history":[{"count":6,"href":"http:\/\/freiraum-neustrelitz.de\/index.php?rest_route=\/wp\/v2\/pages\/117\/revisions"}],"predecessor-version":[{"id":263,"href":"http:\/\/freiraum-neustrelitz.de\/index.php?rest_route=\/wp\/v2\/pages\/117\/revisions\/263"}],"wp:attachment":[{"href":"http:\/\/freiraum-neustrelitz.de\/index.php?rest_route=%2Fwp%2Fv2%2Fmedia&parent=117"}],"curies":[{"name":"wp","href":"https:\/\/api.w.org\/{rel}","templated":true}]}}